 u(l) = -4*b(l) - f(l). What is the units digit of u(-3)?
3
Let x(f) = 13*f**3 - 2*f**2 + 2*f - 1. Let v be 11/9 - (-12)/(-54). What is the units digit of x(v)?
2
Suppose 0 = 4*t - 3*a - 57, -4*a + 5*a = t - 13. What is the tens digit of t?
1
Let p(d) be the first derivative of d**4/4 + 8*d**3/3 - 9*d**2/2 + 13*d - 1. Let k be 2/((-5)/90*4). What is the tens digit of p(k)?
1
Let c(h) = h + 3 - 3. Let k be c(2). What is the units digit of k/(-1)*12/(-4)?
6
Suppose 2*d - 3*d = -15. Suppose d = -0*b + 3*b. What is the units digit of b?
5
Suppose -24 = -0*c + 4*c. Let d be (-1)/(1 - c/(-5)). Suppose -2*l = -l + d*h - 22, -3*l = -2*h - 15. What is the units digit of l?
7
Suppose 2*t = -3*t + 10. Suppose -x - t*x - 3*y = -18, 5 = 5*y. Suppose 4 = -2*z + 14, -2*c - 19 = -x*z. What is the units digit of c?
3
Let m be 2 - 1 - (3 - 8). Suppose t = m*t - 85. What is the tens digit of t?
1
Suppose -3*c = c + p - 7, 3*c - 6 = -p. What is the units digit of (-3 + 4)*c*6?
6
Suppose 3*c - 58 = 5*a, -3*c = 5*a - 15 - 53. Let h = c - 5. What is the tens digit of h?
1
Suppose -2*t + t + 22 = 0. What is the units digit of t?
2
Let v(n) = -n**2 - 6*n + 4. Let d be v(-6). Suppose -54 = -d*o - y, -4*o + 62 = -0*y + 5*y. What is the tens digit of o?
1
Let m be 3 - (0 + 1 - 3). Suppose -2*k - 6 = -m*k. What is the units digit of (k/4)/(6/12)?
1
Let r = -431 - -832. What is the tens digit of r?
0
Let o(i) = i**3 - 6*i**2 + 7*i. Suppose 0 = s - 5, z + 5*s - 9 - 18 = 0. Suppose -3 - 7 = -z*v. What is the units digit of o(v)?
0
Suppose 4*z - 2*a = 266, 0 = 4*z - 3*z - 2*a - 65. What is the tens digit of z?
6
What is the tens digit of ((-108)/(-10))/((-10)/(-25))?
2
Suppose 4*i - 10 = 2*i. Suppose q = i*q - 84. Suppose 61 = 5*u + q. What is the units digit of u?
8
Let o(z) = 4*z**3 - z**2 + 1. Let n be o(1). Suppose -4*k - 16 = -n. What is the units digit of (-123)/(-12) + k/12?
0
Let q(w) = 2*w**2 + 2*w + 2. Let m be q(-2). Let a = m - 2. What is the units digit of a?
4
Let l(x) = x. Let j be l(5). Suppose j*o = o. Suppose h + 0*h - 2*u + 5 = o, 4*u = 4*h + 8. What is the units digit of h?
1
Let z = 3 + 5. Let g = -5 + z. Suppose 0*t - 5*t + 15 = 2*l, g*t = l + 9. What is the units digit of t?
3
Suppose -4*p = -7*p - 111. Let u = p - -82. Suppose -16 = -t - t + 4*a, u = 3*t + a. What is the units digit of t?
4
Let p(l) = -7 + 6 - l + 2. Let s(y) = 4. Let b(i) = -4*p(i) + s(i). What is the tens digit of b(4)?
1
Let o(p) = p**3 + p**2 + p + 46. Let l be o(0). Let r = l + -13. What is the units digit of r?
3
Suppose -4*h - 9 + 37 = 0. Let m = -6 + h. What is the units digit of m?
1
Let v(z) = 2*z. What is the units digit of v(5)?
0
Suppose 0 = -7*c + 2*c + 10. What is the units digit of 108/12 + 0/c?
9
Let b be ((-1)/(-3))/(3/261). Let n = -63 - -42. Let r = b + n. What is the units digit of r?
8
Let g = 23 - 15. Suppose -g = -2*y - 2*y. What is the units digit of 19 + y*(-2)/4?
8
Let u = 4 - -20. What is the units digit of ((-4)/(-6))/(1/u)?
6
Suppose 2*v - 2 = v. Let s = -1 + v. What is the tens digit of 28/2 + s + 0?
1
Let j(l) = -l**2 - 1. Let d be j(0). Let i be 4 - (-2)/d - 2. Suppose i = 2*n - 10, -3*v + v + 5*n - 9 = 0. What is the units digit of v?
8
Let c = -2 + 1. Let h = c - -17. What is the units digit of h?
6
Let s = 94 + -32. What is the tens digit of s?
6
Let m(k) = -k**3 + 8*k**2 - 2*k + 6. What is the units digit of m(7)?
1
Let y(t) be the second derivative of 5*t**3/6 - t**2/2 - t. Let n be y(3). Let c = n - 8. What is the units digit of c?
6
Suppose 5*c - 3*w = 0, -28 = -4*c - 4*w + 4. What is the units digit of c?
3
Suppose -2*z - 2*r = -42, -2*r - 141 = -5*z + 2*r. Let x = -14 + z. What is the tens digit of x?
1
Suppose -h + 4*p - 9 = p, -6 = -2*p. Let g = h + 30. What is the units digit of g?
0
Let t(k) = -9*k**2 - 19*k - 4. Let y(i) = -4*i**2 - 9*i - 2. Let r(z) = -6*t(z) + 13*y(z). What is the tens digit of r(-2)?
1
Suppose 9*l = 4*l + 20. Suppose -2*f = -0*f + l. What is the units digit of ((-50)/(-4))/(-5)*f?
5
Let p = 24 - 13. What is the units digit of p?
1
Let p(a) = -3*a**2 - 1 + 4 - 3*a + 4*a**2. Suppose 0 = 2*n + 5*d + 1, d + 7 = 3*n - 0. What is the units digit of p(n)?
1
Suppose 2*f + 3 - 63 = 0. What is the tens digit of f?
3
Let i(u) = -11*u**3 + u - 1. Let t be i(1). Let v = t + 15. Suppose -18 = s - v*s. What is the units digit of s?
6
Suppose -2*v - 48 = -2*u, 0*u = -3*u - 3*v + 72. Let m = -6 + u. What is the tens digit of m?
1
What is the units digit of -4*((-109)/2 - 0)?
8
Suppose 0 = -7*m - 0 + 7. What is the units digit of m?
1
Suppose 0*w + 1 = -w - 2*k, -34 = -2*w + 5*k. Suppose 59 = 4*r + w. What is the tens digit of r?
1
What is the tens digit of ((-25)/15 + 2)*294?
9
Suppose -60 = 6*s - 336. What is the units digit of s?
6
Let x(l) = -l**3 + 8*l**2 - 3*l + 3. What is the tens digit of x(3)?
3
Let x = -84 + 149. What is the units digit of x?
5
Let p be 9/(-4)*(5 + -1). What is the units digit of (-6 - p) + 1 + -3?
1
Let h(s) = -5*s + 20. What is the units digit of h(-11)?
5
Suppose -5*m - 5 = -4*k, -6*k = -2*k - 2*m - 2. Suppose -l + k*l + 22 = 0. Suppose -4*r + 2*p + l = -r, -5*r + 5*p + 35 = 0. What is the units digit of r?
8
Let k = 39 - 14. Suppose -21 - 33 = -3*p. Let u = k - p. What is the units digit of u?
7
Suppose -3*q = -4*n - 185, -q - n - 4*n = -49. What is the units digit of q?
9
Let p(l) = -l**3 + 3*l**2 - l. Let d be p(2). Suppose 2*v + 48 = -d*v. What is the units digit of (-3)/v - 14/(-8)?
2
Let i = 8 - -24. What is the units digit of i?
2
Let u = -1 - -32. What is the units digit of u?
1
What is the tens digit of 1/1*-10*(1 - 17)?
6
Let b be (-4)/(-6) - (-18)/(-27). Suppose c + b*c - 5 = 0. Suppose -c*d = -17 - 18. What is the units digit of d?
7
Let d(f) = -f**3 + 4*f**2 + 6*f + 4. What is the units digit of d(5)?
9
Let g(p) = p + 8. Let h be g(-5). Let s be 4*(1 - 4)/(-6). Suppose -2*o - 1 = -h*o + 5*m, -2*m + s = 0. What is the units digit of o?
6
Let i be (45/4)/((-6)/80). What is the units digit of i/4*10/(-15)?
5
Let n = 151 - 34. What is the hundreds digit of n?
1
Suppose -7*c - 24 + 143 = 0. What is the tens digit of c?
1
Suppose 7 - 22 = -3*r. Let j = r + -1. What is the units digit of j?
4
Let z(i) = -i**3 - i**2 + 3. Let y be (-1 - 0)*0/(-3). Let n be z(y). Suppose -t = n*t - 60. What is the units digit of t?
5
Suppose k - 2*k - 3*y = -1, -3*y = 9. Suppose 0 = 2*z - 10 - k. What is the tens digit of z?
1
Let v(y) = y**3 + 6*y**2 - 3*y - 6. Let h be v(-6). Let d = 49 - h. What is the tens digit of d?
3
Suppose -4*b + 5*y = -0*y + 1, y = 4*b - 3. What is the units digit of b*9*(-8)/(-12)?
6
Let w be -2 + -2 + 2 - -2. Suppose s - 2*i - 29 = w, 34 = 2*s + 5*i - 51. What is the units digit of (-10)/s + 74/14?
5
Suppose -2*n + n - 4*m - 4 = 0, 0 = -5*n - 2*m + 16. Suppose o - 44 = -5*q, n*o + 2*q = -0*q + 104. Suppose -4 = 5*z - o. What is the units digit of z?
4
Suppose -4*l - 12 = -l. Let p(d) = d**3 + 3*d**2 - d + 3. Let n be p(l). Let u = 14 + n. What is the units digit of u?
5
What is the units digit of 3*((-1112)/(-36))/((-6)/(-9))?
9
Let t = 130 - 70. What is the tens digit of t?
6
Let z be (-3)/(-4) + 70/(-8). Let x = z - -5. What is the tens digit of (3/3)/(x/(-42))?
1
Suppose -3*z - 5*y + 466 = 0, 6*y - 798 = -5*z + 3*y. What is the tens digit of z?
6
Let v(d) = d + 9. Let b(y) = -4*y - 26. Let u(r) = -4*b(r) - 14*v(r). What is the units digit of u(12)?
2
Let c(h) = -5*h**2 + 11*h - 4. Let m(d) = -1 - 4 + 22*d - 9*d**2 - 2. Let r(v) = 11*c(v) - 6*m(v). What is the units digit of r(-9)?
6
Let h(a) = -20*a - 12. What is the tens digit of h(-6)?
0
Let d(n) = -n**3 - 7*n**2 + 2*n. Let j be d(-7). Let v be ((-96)/j)/((-4)/(-28)). Let u = v + -33. What is the units digit of u?
5
Let m = 11 + -14. Let j = 37 + m. What is the units digit of j?
4
Let n be 2736/81 + (-2)/(-9). Suppose 2*y = 5*m - y - n, 0 = m + 5*y + 10. What is the units digit of m?
5
What is the units digit of 1 - (273/(-3) - 4)?
6
Suppose -3*d - 9 + 303 = 0. Suppose p - d + 18 = -3*s, 5*p - 8 = -s. What is the tens digit of s?
2
Suppose -5*k + 45 = -570. What is the tens digit of k?
2
Let j(u) = -u**3 - 8*u**2 - u - 4. Let d be j(-8). Let g = -5 + d. What is the units digit of (g - -3) + (0 - 0)?
2
Suppose 0*t - 3*k = t - 10, -t 